, 5, 137
List the prime factors of 612.
2, 3, 17
What are the prime factors of 8728?
2, 1091
What are the prime factors of 10547?
53, 199
What are the prime factors of 80802?
2, 3, 67
What are the prime factors of 1485?
3, 5, 11
List the prime factors of 115534.
2, 61, 947
What are the prime factors of 198574?
2, 43, 2309
What are the prime factors of 3364?
2, 29
What are the prime factors of 116?
2, 29
What are the prime factors of 9779?
7, 11, 127
What are the prime factors of 71050?
2, 5, 7, 29
What are the prime factors of 5441?
5441
What are the prime factors of 546?
2, 3, 7, 13
What are the prime factors of 30020?
2, 5, 19, 79
List the prime factors of 43034.
2, 21517
List the prime factors of 606.
2, 3, 101
What are the prime factors of 10764?
2, 3, 13, 23
List the prime factors of 809.
809
List the prime factors of 1324.
2, 331
What are the prime factors of 58854?
2, 3, 17, 577
List the prime factors of 23218.
2, 13, 19, 47
What are the prime factors of 73241?
7, 10463
List the prime factors of 6435.
3, 5, 11, 13
What are the prime factors of 1294?
2, 647
What are the prime factors of 190278?
2, 3, 11, 31
What are the prime factors of 419?
419
What are the prime factors of 7372?
2, 19, 97
What are the prime factors of 1479?
3, 17, 29
List the prime factors of 8736.
2, 3, 7, 13
What are the prime factors of 98735?
5, 7, 13, 31
What are the prime factors of 1280?
2, 5
List the prime factors of 37352.
2, 7, 23, 29
List the prime factors of 3362.
2, 41
What are the prime factors of 11770?
2, 5, 11, 107
List the prime factors of 205115.
5, 41023
List the prime factors of 353.
353
List the prime factors of 900.
2, 3, 5
List the prime factors of 19200.
2, 3, 5
What are the prime factors of 654?
2, 3, 109
List the prime factors of 532.
2, 7, 19
List the prime factors of 53.
53
List the prime factors of 1530.
2, 3, 5, 17
What are the prime factors of 2434?
2, 1217
List the prime factors of 9306.
2, 3, 11, 47
What are the prime factors of 29332?
2, 7333
What are the prime factors of 11805?
3, 5, 787
What are the prime factors of 3615?
3, 5, 241
List the prime factors of 1204.
2, 7, 43
List the prime factors of 45825.
3, 5, 13, 47
What are the prime factors of 5750?
2, 5, 23
What are the prime factors of 89442?
2, 3, 4969
List the prime factors of 10277.
43, 239
What are the prime factors of 16367?
13, 1259
List the prime factors of 22500.
2, 3, 5
What are the prime factors of 397?
397
What are the prime factors of 18026?
2, 9013
What are the prime factors of 96?
2, 3
List the prime factors of 4686.
2, 3, 11, 71
What are the prime factors of 7227?
3, 11, 73
What are the prime factors of 1114?
2, 557
What are the prime factors of 2091?
3, 17, 41
What are the prime factors of 29334?
2, 3, 4889
What are the prime factors of 950?
2, 5, 19
List the prime factors of 16091.
16091
List the prime factors of 102554.
2, 47, 1091
List the prime factors of 35356.
2, 8839
What are the prime factors of 9352?
2, 7, 167
List the prime factors of 2113.
2113
List the prime factors of 34922.
2, 19, 919
What are the prime factors of 3328?
2, 13
What are the prime factors of 3286?
2, 31, 53
List the prime factors of 16979.
16979
List the prime factors of 7818.
2, 3, 1303
What are the prime factors of 4861?
4861
List the prime factors of 8258.
2, 4129
List the prime factors of 553.
7, 79
List the prime factors of 20694.
2, 3, 3449
List the prime factors of 574.
2, 7, 41
What are the prime factors of 11937?
3, 23, 173
List the prime factors of 67497.
3, 149, 151
What are the prime factors of 6155?
5, 1231
What are the prime factors of 3906?
2, 3, 7, 31
List the prime factors of 143388.
2, 3, 7, 569
What are the prime factors of 4105?
5, 821
What are the prime factors of 42930?
2, 3, 5, 53
List the prime factors of 8245.
5, 17, 97
List the prime factors of 4636.
2, 19, 61
List the prime factors of 108634.
2, 29, 1873
List the prime factors of 465.
3, 5, 31
What are the prime factors of 3178?
2, 7, 227
What are the prime factors of 55893?
3, 31, 601
What are the prime factors of 26793?
3, 13, 229
What are the prime factors of 18212?
2, 29, 157
What are the prime factors of 4574?
2, 2287
What are the prime factors of 268?
2, 67
What are the prime factors of 733?
733
List the prime factors of 661.
661
What are the prime factors of 57609?
3, 37, 173
List the prime factors of 10969.
7, 1567
List the prime factors of 4372.
2, 1093
What are the prime factors of 948?
2, 3, 79
List the prime factors of 27791.
27791
List the prime factors of 1650.
2, 3, 5, 11
What are the prime factors of 2422?
2, 7, 173
List the prime factors of 60105.
3, 5, 4007
What are the prime factors of 58287?
3, 19429
What are the prime factors of 17407?
13, 103
List the prime factors of 89415.
3, 5, 1987
What are the prime factors of 12247?
37, 331
List the prime factors of 602.
2, 7, 43
What are the prime factors of 14638?
2, 13, 563
What are the prime factors of 13007?
13007
List the prime factors of 11056.
2, 691
What are the prime factors of 3820?
2, 5, 191
List the prime factors of 896.
2, 7
List the prime factors of 13134.
2, 3, 11, 199
List the prime factors of 1085.
5, 7, 31
What are the prime factors of 13940?
2, 5, 17, 41
List the prime factors of 349.
349
What are the prime factors of 41370?
2, 3, 5, 7, 197
List the prime factors of 46320.
2, 3, 5, 193
List the prime factors of 33937.
33937
List the prime factors of 16809.
3, 13, 431
What are the prime factors of 18493?
18493
What are the prime factors of 4737?
3, 1579
What are the prime factors of 14281?
14281
List the prime factors of 1320.
2, 3, 5, 11
What are the prime factors of 4523?
4523
What are the prime factors of 93?
3, 31
What are the prime factors of 1678?
2, 839
List the prime factors of 5560.
2, 5, 139
What are the prime factors of 16278?
2, 3, 2713
List the prime factors of 2184.
2, 3, 7, 13
List the prime factors of 2420.
2, 5, 11
List the prime factors of 115901.
115901
List the prime factors of 157.
157
What are the prime factors of 19348?
2, 7, 691
What are the prime factors of 21775?
5, 13, 67
List the prime factors of 2781.
3, 103
List the prime factors of 1537.
29, 53
What are the prime factors of 4381?
13, 337
What are the prime factors of 50001?
3, 7, 2381
What are the prime factors of 1708?
2, 7, 61
List the prime factors of 5140.
2, 5, 257
What are the prime factors of 668?
2, 167
List the prime factors of 69941.
69941
List the prime factors of 675.
3, 5
List the prime factors of 4562.
2, 2281
List the prime factors of 54203.
67, 809
What are the prime factors of 9613?
9613
List the prime factors of 8860.
2, 5, 443
What are the prime factors of 3577?
7, 73
What are the prime factors of 1222?
2, 13, 47
What are the prime factors of 23333?
23333
List the prime factors of 2971.
2971
List the prime factors of 3525.
3, 5, 47
List the prime factors of 88449.
3, 29483
List the prime factors of 30411.
3, 31, 109
What are the prime factors of 8260?
2, 5, 7, 59
List the prime factors of 1168.
2, 73
List the prime factors of 6689.
6689
List the prime factors of 225.
3, 5
What are the prime factors of 4022?
2, 2011
What are the prime factors of 31628?
2, 7907
List the prime factors of 22399.
13, 1723
What are the prime factors of 1125?
3, 5
List the prime factors of 2728.
2, 11, 31
What are the prime factors of 47818?
2, 23909
List the prime factors of 614.
2, 307
What are the prime factors of 9296?
2, 7, 83
List the prime factors of 9748.
2, 2437
List the prime factors of 10979.
10979
What are the prime factors of 3853?
3853
List the prime factors of 2101.
11, 191
List the prime factors of 3504.
2, 3, 73
List the prime factors of 8470.
2, 5, 7, 11
List the prime factors of 160.
2, 5
List the prime factors of 1553.
1553
List the prime factors of 66882.
2, 3, 71, 157
What are the prime factors of 1996?
2, 499
What are the prime factors of 16076?
2, 4019
List the prime factors of 9307.
41, 227
List the prime factors of 1632.
2, 3, 17
What are the prime factors of 8627?
8627
What are the prime factors of 56306?
2, 47, 599
List the prime factors of 4231.
4231
What are the prime factors of 868?
2, 7, 31
List the prime factors of 2502.
2, 3, 139
List the prime factors of 18110.
2, 5, 1811
What are the prime factors of 1582?
2, 7, 